{"id":39,"date":"2016-11-14T10:11:06","date_gmt":"2016-11-14T09:11:06","guid":{"rendered":"http:\/\/lbti.cnrs.fr\/?page_id=39"},"modified":"2017-06-07T09:44:51","modified_gmt":"2017-06-07T07:44:51","slug":"explorations-fonctionnelles-du-tissu-cutane-du-petit-animal-anexpeau-lbti","status":"publish","type":"page","link":"https:\/\/lbti.ibcp.fr\/?page_id=39","title":{"rendered":"Explorations fonctionnelles du tissu cutan\u00e9 du petit animal (AnexPeau, LBTI)"},"content":{"rendered":"<p style=\"text-align: justify;\"><span style=\"color: #000000;\">La plateforme \u00ab\u00a0AnexPeau\u00a0\u00bb regroupe plusieurs techniques <em>in-vivo<\/em> d\u2019explorations fonctionnelles cutan\u00e9es des petits rongeurs (rat, souris) pour \u00e9tudier les fonctionnalit\u00e9s microcirculatoire, nerveuse et biom\u00e9canique. Le plateau offre une expertise approfondie dans le domaine de la physiopathologie de l\u00e9sions cutan\u00e9es (plaies et l\u00e9sions hypoxiques, comme l\u2019escarre).<\/span><\/p>\n<hr \/>\n<p style=\"text-align: justify;\"><span style=\"color: #000080;\"><span style=\"text-decoration: underline;\"><strong>Responsable<\/strong><\/span><strong>\u00a0:<\/strong><\/span><\/p>\n<p style=\"text-align: justify;\"><strong><span style=\"color: #000000;\">B\u00e9reng\u00e8re Fromy <\/span><\/strong><\/p>\n<p style=\"text-align: justify;\"><span style=\"color: #000000;\">T\u00e9l\u00a0: 04 72 72 26 92 \u00a0<\/span><\/p>\n<p style=\"text-align: justify;\"><span style=\"color: #000000;\">E-mail\u00a0: <\/span><a class=\"spip_mail\" href=\"mailto:berengere.fromy@univ-lyon1.fr?subject=Depuis%20site%20IBCP\">berengere.fromy@univ-lyon1.fr<\/a><\/p>\n<hr \/>\n<p style=\"text-align: justify;\"><span style=\"color: #000000;\">La plateforme permet de travailler sur des mod\u00e8les physiologiques, physiopathologiques ou transg\u00e9niques afin d\u2019\u00e9tudier les alt\u00e9rations de voies de signalisation cellulaire et permet un suivi longitudinal (mesures non invasives) afin de r\u00e9aliser des essais de toxicit\u00e9, d\u2019efficacit\u00e9 de mol\u00e9cules pharmacologiques et\/ou d\u2019ing\u00e9nierie th\u00e9rapeutique et appr\u00e9hender la r\u00e9paration tissulaire.<\/span><\/p>\n<p style=\"text-align: justify;\"><span style=\"color: #000000;\">Il assure l\u2019application de la r\u00e8glementation l\u00e9gislative Europ\u00e9enne et Fran\u00e7aise li\u00e9e \u00e0 l\u2019exp\u00e9rimentation animale. Une formation r\u00e9glementaire en exp\u00e9rimentation animale est n\u00e9cessaire aux utilisateurs.<\/span><\/p>\n<p style=\"text-align: justify;\"><span style=\"color: #000000;\">Cette plateforme technique fait partie de l\u2019<strong>UMR 5305<\/strong> et fonctionne sur des modes de prestation de service ou de collaboration acad\u00e9mique, notamment avec des structures universitaires, INSERM, CNRS ou INRA.<\/span><\/p>\n<p style=\"text-align: justify;\"><span style=\"color: #000000;\"><strong>Equipements sp\u00e9cifiques et techniques exp\u00e9rimentales<\/strong><\/span><\/p>\n<ul>\n<li style=\"text-align: justify;\"><span style=\"color: #000000;\">Laser Doppler permettant l\u2019exploration fonctionnelle de la microcirculation sur tissus sains ou malades (animaux anesth\u00e9si\u00e9s) \u2013 mesure de l\u2019effet de substances vasoactives<\/span><\/li>\n<li style=\"text-align: justify;\"><span style=\"color: #000000;\">Indentateur (propri\u00e9t\u00e9s biom\u00e9caniques)<\/span><\/li>\n<li style=\"text-align: justify;\"><span style=\"color: #000000;\">Mod\u00e8les de compression hypoxique tissulaire (ulc\u00e8res de pression) et suivi de cicatrisation<\/span><\/li>\n<li style=\"text-align: justify;\"><span style=\"color: #000000;\">Tests comportementaux aux stimuli thermiques et m\u00e9caniques permettant l\u2019exploration fonctionnelle des fibres sensorielles (animaux vigiles)<\/span><\/li>\n<li style=\"text-align: justify;\"><span style=\"color: #000000;\">Appareil de mesure de la pression art\u00e9rielle non invasive<\/span><\/li>\n<li style=\"text-align: justify;\"><span style=\"color: #000000;\">Anesth\u00e9sie g\u00e9n\u00e9rale (injection ou inhalation)<\/span><\/li>\n<li style=\"text-align: justify;\"><span style=\"color: #000000;\">Pr\u00e9l\u00e8vements divers\u00a0: peau, sang, queue, rein, foie, \u2026<\/span><\/li>\n<\/ul>\n","protected":false},"excerpt":{"rendered":"<p>La plateforme \u00ab\u00a0AnexPeau\u00a0\u00bb regroupe plusieurs techniques in-vivo d\u2019explorations fonctionnelles cutan\u00e9es des petits rongeurs (rat, souris) pour \u00e9tudier les fonctionnalit\u00e9s microcirculatoire, nerveuse et biom\u00e9canique. Le plateau offre une expertise approfondie dans le domaine de la physiopathologie de l\u00e9sions cutan\u00e9es (plaies et l\u00e9sions hypoxiques, comme l\u2019escarre). Responsable\u00a0: B\u00e9reng\u00e8re Fromy T\u00e9l\u00a0: 04 72 72 26 92 \u00a0 E-mail\u00a0:<\/p>\n","protected":false},"author":1,"featured_media":0,"parent":0,"menu_order":0,"comment_status":"closed","ping_status":"closed","template":"","meta":{"_acf_changed":false,"footnotes":""},"class_list":["post-39","page","type-page","status-publish","hentry"],"acf":[],"_links":{"self":[{"href":"https:\/\/lbti.ibcp.fr\/index.php?rest_route=\/wp\/v2\/pages\/39","targetHints":{"allow":["GET"]}}],"collection":[{"href":"https:\/\/lbti.ibcp.fr\/index.php?rest_route=\/wp\/v2\/pages"}],"about":[{"href":"https:\/\/lbti.ibcp.fr\/index.php?rest_route=\/wp\/v2\/types\/page"}],"author":[{"embeddable":true,"href":"https:\/\/lbti.ibcp.fr\/index.php?rest_route=\/wp\/v2\/users\/1"}],"replies":[{"embeddable":true,"href":"https:\/\/lbti.ibcp.fr\/index.php?rest_route=%2Fwp%2Fv2%2Fcomments&post=39"}],"version-history":[{"count":6,"href":"https:\/\/lbti.ibcp.fr\/index.php?rest_route=\/wp\/v2\/pages\/39\/revisions"}],"predecessor-version":[{"id":1208,"href":"https:\/\/lbti.ibcp.fr\/index.php?rest_route=\/wp\/v2\/pages\/39\/revisions\/1208"}],"wp:attachment":[{"href":"https:\/\/lbti.ibcp.fr\/index.php?rest_route=%2Fwp%2Fv2%2Fmedia&parent=39"}],"curies":[{"name":"wp","href":"https:\/\/api.w.org\/{rel}","templated":true}]}}