{"id":37,"date":"2016-11-14T10:10:53","date_gmt":"2016-11-14T09:10:53","guid":{"rendered":"http:\/\/lbti.cnrs.fr\/?page_id=37"},"modified":"2025-09-26T14:11:35","modified_gmt":"2025-09-26T12:11:35","slug":"preparation-et-imagerie-des-tissus-primatiss-lbti","status":"publish","type":"page","link":"https:\/\/lbti.ibcp.fr\/?page_id=37","title":{"rendered":"Pr\u00e9paration et Imagerie des Tissus (PrImaTiss, LBTI)"},"content":{"rendered":"\n<div class=\"wp-block-columns is-layout-flex wp-container-core-columns-is-layout-9d6595d7 wp-block-columns-is-layout-flex\">\n<div class=\"wp-block-column is-layout-flow wp-block-column-is-layout-flow\" style=\"flex-basis:100%\">\n<div class=\"wp-block-group\"><div class=\"wp-block-group__inner-container is-layout-flow wp-block-group-is-layout-flow\">\n<h4><strong>PRIMATISS est un plateau technique et un support pour les utilisateurs qui souhaitent mettre en \u0153uvre des exp\u00e9riences d\u2019histologie et de microscopie :<\/strong><\/h4>\n<ul>\n<li>\n<h4><strong>Il forme les utilisateurs pour la prise en main en autonomie des \u00e9quipements du plateau. <\/strong><\/h4>\n<\/li>\n<li>\n<h4><strong>Il met \u00e0 disposition des protocoles valid\u00e9es et forme aux techniques d\u2019histologie et d\u2019immunod\u00e9tection (IF, IHC, colorations H\u00e9matoxyline Eosine, Trichrome de Masson etc\u2026) <\/strong><\/h4>\n<\/li>\n<li>\n<h4><strong>Il est un support d\u2019aide et de conseil dans les diff\u00e9rents projets des utilisateurs <\/strong><\/h4>\n<\/li>\n<li>\n<h4><strong>Il fait le lien avec les plateformes du LyMIC pour des analyses plus pouss\u00e9es (acquisitions en hautes et super r\u00e9solutions, analyse \u00e0 grandes \u00e9chelles, MET\u2026)<\/strong><\/h4>\n<\/li>\n<\/ul>\n<hr \/>\n<h4>\u00a0<\/h4>\n<p style=\"text-align: justify;\"><span style=\"color: #000000;\"><strong><span style=\"color: #333399;\">Responsables :<\/span> <\/strong><\/span><\/p>\n<h4><strong>Elise Lambert\u00a0 (MCU UCBL1)<br \/><\/strong><\/h4>\n<h5>T\u00e9l : +33 (0)4 72 72 26 77<\/h5>\n<h5>E-mail : elise.lambert@univ-lyon1.fr<\/h5>\n<h4><strong>Sandra FERRARO (AI CNRS)<\/strong><\/h4>\n<h5>T\u00e9l\u00a0: +33 (0)4 72 72 26 05<\/h5>\n<h5>E-mail : sandra.ferraro@cnrs.fr<\/h5>\n<\/div><\/div>\n<\/div>\n<\/div>\n\n\n\n<figure class=\"wp-block-image size-large is-resized\"><img fetchpriority=\"high\" decoding=\"async\" width=\"945\" height=\"877\" src=\"https:\/\/lbti.ibcp.fr\/wp-content\/uploads\/2023\/10\/image.png\" alt=\"\" class=\"wp-image-5346\" style=\"width:721px;height:670px\"\/><figcaption class=\"wp-element-caption\"> <\/figcaption><\/figure>\n\n\n<p style=\"text-align: left;\">L\u2019histologie est l\u2019\u00e9tude de la structure microscopique des tissus d\u2019organismes vivants et des cellules qui les composent.<\/p>\n<p style=\"text-align: left;\">L\u2019immunod\u00e9tection est, quant \u00e0 elle, une m\u00e9thode d&rsquo;\u00e9tude bas\u00e9e sur le principe de reconnaissance sp\u00e9cifique des antig\u00e8nes par les anticorps.<!--more--><\/p>\n<p style=\"text-align: left;\">Le plateau de l\u2019unit\u00e9 permet de pr\u00e9parer des tissus ou des \u00e9chantillons issus de l\u2019ing\u00e9nierie tissulaire, par l\u2019inclusion en paraffine (d\u00e9shydratation avec l\u2019<strong>HISTOS5<\/strong> et inclusion gr\u00e2ce \u00e0 la <strong>station d\u2019enrobage<\/strong>) ou par cong\u00e9lation. Il dispose \u00e9galement de tous les \u00e9quipements permettant la coupe d\u2019\u00e9chantillons enrob\u00e9s dans un bloc de paraffine ou congel\u00e9s (<strong>microtome manuel, microtome automatis\u00e9 et deux cryostats<\/strong>).<\/p>\n<p style=\"text-align: left;\">Ces coupes peuvent \u00eatre utilis\u00e9es pour r\u00e9aliser diff\u00e9rents types de marquage (colorations, immunohistochimie, immunofluorescences\u2026).<\/p>\n<p style=\"text-align: left;\">De plus, un microscope invers\u00e9 \u00e0 \u00e9pifluorescence (<strong>NIKON Eclipse TiE<\/strong>) est mis \u00e0 disposition des utilisateurs du plateau pour toutes les observations et acquisitions de microscopie optique \u00e0 lumi\u00e8re transmise ou fluorescente.<\/p>\n<p style=\"text-align: left;\">Enfin, le plateau peut \u00e9galement servir de support pour l\u2019analyse des donn\u00e9es, gr\u00e2ce aux outils informatiques ImageJ et QuPath.<\/p>\n<p style=\"text-align: left;\">Un support technique est mis \u00e0 disposition sur le plateau pour conseiller les utilisateurs, mais \u00e9galement pour les former aux diff\u00e9rents \u00e9quipements, dans le respect des consignes Hygi\u00e8ne et S\u00e9curit\u00e9. Il peut \u00e9galement servir de relais\/interm\u00e9diaire avec les diff\u00e9rents plateaux du LyMIC (PLATIM, CIQLE et CT\u00b5).<\/p>\n<p style=\"text-align: left;\">Ces expertises permettent de r\u00e9aliser l\u2019examen histologique, immunohistochimique et l\u2019ultra structure des \u00e9chantillons produits en ing\u00e9nierie tissulaire (ex\u00a0: suite \u00e0 une induction des agents pharmacologiques ou de nanoparticules dans un syst\u00e8me biologiques).<\/p>\n\n\n<p><\/p>\n","protected":false},"excerpt":{"rendered":"<p>PRIMATISS est un plateau technique et un support pour les utilisateurs qui souhaitent mettre en \u0153uvre des exp\u00e9riences d\u2019histologie et de microscopie : Il forme les utilisateurs pour la prise en main en autonomie des \u00e9quipements du plateau. Il met \u00e0 disposition des protocoles valid\u00e9es et forme aux techniques d\u2019histologie et d\u2019immunod\u00e9tection (IF, IHC, colorations<\/p>\n","protected":false},"author":22,"featured_media":0,"parent":0,"menu_order":0,"comment_status":"closed","ping_status":"closed","template":"","meta":{"_acf_changed":false,"footnotes":""},"class_list":["post-37","page","type-page","status-publish","hentry"],"acf":[],"_links":{"self":[{"href":"https:\/\/lbti.ibcp.fr\/index.php?rest_route=\/wp\/v2\/pages\/37","targetHints":{"allow":["GET"]}}],"collection":[{"href":"https:\/\/lbti.ibcp.fr\/index.php?rest_route=\/wp\/v2\/pages"}],"about":[{"href":"https:\/\/lbti.ibcp.fr\/index.php?rest_route=\/wp\/v2\/types\/page"}],"author":[{"embeddable":true,"href":"https:\/\/lbti.ibcp.fr\/index.php?rest_route=\/wp\/v2\/users\/22"}],"replies":[{"embeddable":true,"href":"https:\/\/lbti.ibcp.fr\/index.php?rest_route=%2Fwp%2Fv2%2Fcomments&post=37"}],"version-history":[{"count":28,"href":"https:\/\/lbti.ibcp.fr\/index.php?rest_route=\/wp\/v2\/pages\/37\/revisions"}],"predecessor-version":[{"id":5690,"href":"https:\/\/lbti.ibcp.fr\/index.php?rest_route=\/wp\/v2\/pages\/37\/revisions\/5690"}],"wp:attachment":[{"href":"https:\/\/lbti.ibcp.fr\/index.php?rest_route=%2Fwp%2Fv2%2Fmedia&parent=37"}],"curies":[{"name":"wp","href":"https:\/\/api.w.org\/{rel}","templated":true}]}}