{"id":235,"date":"2017-01-18T11:19:31","date_gmt":"2017-01-18T10:19:31","guid":{"rendered":"http:\/\/lbti.cnrs.fr\/?page_id=235"},"modified":"2017-09-29T16:03:01","modified_gmt":"2017-09-29T14:03:01","slug":"contact-et-acces","status":"publish","type":"page","link":"https:\/\/lbti.ibcp.fr\/?page_id=235","title":{"rendered":"Contact et acc\u00e8s"},"content":{"rendered":"<div class=\"groupetitre\">\n<h2 class=\"actus\" style=\"text-align: center;\"><span style=\"color: #000000;\"><strong>Laboratoire de Biologie Tissulaire et Ing\u00e9nierie th\u00e9rapeutique <\/strong><\/span><\/h2>\n<h3 style=\"text-align: center;\"><span style=\"color: #000000;\">UMR 5305<\/span><\/h3>\n<h3 style=\"text-align: center;\"><span style=\"color: #000000;\">7 Passage du Vercors<\/span><\/h3>\n<h3 style=\"text-align: center;\"><span style=\"color: #000000;\">69367 Lyon cedex 7<\/span><\/h3>\n<p><span style=\"color: #000000;\">\u00a0<\/span><\/p>\n<div class=\"groupetitre\">\n<div style=\"text-align: left;\">\n<h4 style=\"text-align: center;\"><span style=\"color: #000000;\">Accueil<\/span><\/h4>\n<p style=\"text-align: center;\"><span style=\"color: #000000;\">T\u00e9l\u00a0: +33(0)4 72 72 26 00\u00a0<\/span><\/p>\n<\/div>\n<p style=\"text-align: center;\"><span style=\"color: #000000;\">Fax : +33(0)4 72 72 26 04<\/span><\/p>\n<p><span style=\"color: #000000;\">\u00a0<\/span><\/p>\n<h2 class=\"\"><span style=\"color: #000000;\"><strong>Venir \u00e0 l\u2019IBCP<\/strong><\/span><\/h2>\n<\/div>\n<div class=\"\">\n<p><span style=\"color: #000000;\"><strong><u>Localisation de l\u2019Institut\u00a0:\u00a0<\/u><\/strong><\/span><\/p>\n<ul>\n<li style=\"list-style-type: none;\">\n<ul>\n<li><span style=\"color: #000000;\"><a class=\"spip_out\" href=\"http:\/\/maps.google.com\/maps\/ms?ie=UTF8&amp;hl=fr&amp;t=h&amp;om=1&amp;msa=0&amp;msid=106957756070557865151.0004384d143903ae78f7f&amp;ll=45.727491,4.825841&amp;spn=0.004861,0.007542&amp;source=embed\" rel=\"external\">Google map<\/a><\/span><\/li>\n<li><span style=\"color: #000000;\"><a href=\"http:\/\/test_spip.ibcp.fr\/sites\/test_spip.ibcp.fr\/IMG\/UserFiles\/Images\/Plan_Quartier_IBCP.jpg\" data-cke-saved-=\"\">Plan du quartier <\/a><\/span><\/li>\n<\/ul>\n<\/li>\n<\/ul>\n<div id=\"wpgmza_map\" class=\"wpgmza_map\" data-settings='{\"id\":\"1\",\"map_title\":\"LBTI\",\"map_width\":\"100\",\"map_height\":\"400\",\"map_start_lat\":\"45.727512\",\"map_start_lng\":\"4.827809\",\"map_start_location\":\"45.727512183913504,4.827809318771408\",\"map_start_zoom\":\"17\",\"default_marker\":\"0\",\"type\":\"1\",\"alignment\":\"2\",\"directions_enabled\":\"1\",\"styling_enabled\":\"0\",\"styling_json\":\"\",\"active\":\"0\",\"kml\":\"\",\"bicycle\":\"0\",\"traffic\":\"0\",\"dbox\":\"1\",\"dbox_width\":\"100\",\"listmarkers\":\"0\",\"listmarkers_advanced\":\"0\",\"filterbycat\":\"0\",\"ugm_enabled\":\"0\",\"ugm_category_enabled\":\"0\",\"fusion\":\"\",\"map_width_type\":\"\\\\%\",\"map_height_type\":\"px\",\"mass_marker_support\":\"1\",\"ugm_access\":\"0\",\"order_markers_by\":\"1\",\"order_markers_choice\":\"2\",\"show_user_location\":\"0\",\"default_to\":\"\",\"other_settings\":{\"store_locator_enabled\":2,\"store_locator_distance\":2,\"store_locator_default_radius\":\"10\",\"store_locator_not_found_message\":\"No results found in this location. Please try again.\",\"store_locator_bounce\":1,\"store_locator_query_string\":\"Code Postal \\\/ Adresse\",\"store_locator_default_address\":\"\",\"wpgmza_store_locator_restrict\":\"\",\"map_max_zoom\":\"1\",\"transport_layer\":0,\"wpgmza_theme_data\":\"\",\"wpgmza_show_points_of_interest\":1}}' data-map-id='1' Data-maps-engine='' data-shortcode-attributes='{\"id\":\"1\"}' style=\"display:block; overflow:auto; width:100%; height:400px; float:left;\"><\/div>\n<p><span style=\"color: #000000;\"><u><strong>Depuis l\u2019a\u00e9roport de Lyon Saint-Exup\u00e9ry\u00a0:<\/strong><\/u><\/span><\/p>\n<ul>\n<li><span style=\"color: #000000;\">Prendre la navette Rh\u00f4neExpress et descendre \u00e0 la gare SNCF de la Part-Dieu.<\/span><\/li>\n<\/ul>\n<p><span style=\"color: #000000;\"><u><strong>Depuis la gare SNCF de Lyon Part-Dieu (20 mn)<\/strong><\/u><\/span><\/p>\n<ul>\n<li><span style=\"color: #000000;\">Prendre la ligne B du m\u00e9tro, direction \u00ab Gare d\u2019Oullins \u00bb. Arr\u00eat \u00e0 \u00ab\u00a0Stade de Gerland\u00a0\u00bb<\/span><\/li>\n<li><span style=\"color: #000000;\">Sortie en direction de l&rsquo;avant du m\u00e9tro (Sortie Square Galtier), en haut de l\u2019escalator prendre \u00e0 gauche (Sortie Rue Marcel M\u00e9rieux) puis les petits escaliers sur la gauche.<\/span><\/li>\n<li><span style=\"color: #000000;\">Emprunter l\u2019avenue Tony Garnier, passer devant la soci\u00e9t\u00e9 Boehringer Ingelheim.<\/span><\/li>\n<li><span style=\"color: #000000;\">Traverser le passage pi\u00e9tons et prendre \u00e0 droite (Rue du Vercors) puis la 1\u00e8re a gauche (Passage du Vercors).<\/span><\/li>\n<li><span style=\"color: #000000;\">L\u2019IBCP est devant vous \u00e0 100 m\u00e8tres.<\/span><\/li>\n<\/ul>\n<\/div>\n<\/div>\n","protected":false},"excerpt":{"rendered":"<p>Laboratoire de Biologie Tissulaire et Ing\u00e9nierie th\u00e9rapeutique UMR 5305 7 Passage du Vercors 69367 Lyon cedex 7 \u00a0 Accueil T\u00e9l\u00a0: +33(0)4 72 72 26 00\u00a0 Fax : +33(0)4 72 72 26 04 \u00a0 Venir \u00e0 l\u2019IBCP Localisation de l\u2019Institut\u00a0:\u00a0 Google map Plan du quartier Depuis l\u2019a\u00e9roport de Lyon Saint-Exup\u00e9ry\u00a0: Prendre la navette Rh\u00f4neExpress et descendre<\/p>\n","protected":false},"author":2,"featured_media":0,"parent":0,"menu_order":0,"comment_status":"closed","ping_status":"closed","template":"","meta":{"_acf_changed":false,"footnotes":""},"class_list":["post-235","page","type-page","status-publish","hentry"],"acf":[],"_links":{"self":[{"href":"https:\/\/lbti.ibcp.fr\/index.php?rest_route=\/wp\/v2\/pages\/235","targetHints":{"allow":["GET"]}}],"collection":[{"href":"https:\/\/lbti.ibcp.fr\/index.php?rest_route=\/wp\/v2\/pages"}],"about":[{"href":"https:\/\/lbti.ibcp.fr\/index.php?rest_route=\/wp\/v2\/types\/page"}],"author":[{"embeddable":true,"href":"https:\/\/lbti.ibcp.fr\/index.php?rest_route=\/wp\/v2\/users\/2"}],"replies":[{"embeddable":true,"href":"https:\/\/lbti.ibcp.fr\/index.php?rest_route=%2Fwp%2Fv2%2Fcomments&post=235"}],"version-history":[{"count":52,"href":"https:\/\/lbti.ibcp.fr\/index.php?rest_route=\/wp\/v2\/pages\/235\/revisions"}],"predecessor-version":[{"id":2796,"href":"https:\/\/lbti.ibcp.fr\/index.php?rest_route=\/wp\/v2\/pages\/235\/revisions\/2796"}],"wp:attachment":[{"href":"https:\/\/lbti.ibcp.fr\/index.php?rest_route=%2Fwp%2Fv2%2Fmedia&parent=235"}],"curies":[{"name":"wp","href":"https:\/\/api.w.org\/{rel}","templated":true}]}}