{"id":2135,"date":"2017-07-25T11:16:57","date_gmt":"2017-07-25T09:16:57","guid":{"rendered":"http:\/\/lbti.ibcp.fr\/?page_id=2135"},"modified":"2017-09-22T08:48:14","modified_gmt":"2017-09-22T06:48:14","slug":"presentation","status":"publish","type":"page","link":"https:\/\/lbti.ibcp.fr\/?page_id=2135","title":{"rendered":"Pr\u00e9sentation"},"content":{"rendered":"<div class=\"\">\n<p style=\"text-align: justify;\"><span style=\"color: #000000;\">Les membres de l\u2019unit\u00e9 sont fortement impliqu\u00e9s dans la formation \u00e0 l\u2019Universit\u00e9 Claude Bernard, dans la licence <a href=\"http:\/\/sciences.univ-lyon1.fr\/licence-sciences-de-la-vie-588306.kjsp\">Science de la vie<\/a> ainsi que les Master Biologie mol\u00e9culaire et cellulaire, Biochimie Biologie mol\u00e9culaire ou encore Bio-informatique.<\/span><\/p>\n<\/div>\n<div class=\"\">\n<p style=\"text-align: justify;\"><span style=\"color: #000000;\"><u><strong>Gilbert DELEAGE (Pr., Section 64)<\/strong><\/u><\/span><\/p>\n<ul style=\"text-align: justify;\">\n<li><span style=\"color: #000000;\">Responsabilit\u00e9s d\u2019UE :<\/span>\n<ul>\n<li><span style=\"color: #000000;\">Licence Sciences de la vie, parcours Biochimie : L2 <em>Informatique graphique en biochimie<\/em> &#8211; L3 <em><a href=\"http:\/\/offre-de-formations.univ-lyon1.fr\/ue-3803-1\/initiation-a-la-bio-informatique-structurale.html\">Initiation \u00e0 la Bio-Informatique Structurale<\/a> &#8211; <\/em>L3<em> Bases de donn\u00e9es structurales 3D en biochimie<br \/>\n<\/em><\/span><\/li>\n<li><span style=\"color: #000000;\">Master Biochimie, Biologie mol\u00e9culaire parcours Biochimie structurale et fonctionnelle : M1<em> Bio-Informatique Structurale (UE Mutualis\u00e9e avec le master de Bioinformatique mol\u00e9culaire: m\u00e9thodes et analyses)<br \/>\n<\/em><\/span><\/li>\n<li><span style=\"color: #000000;\">4\u00e8me ann\u00e9e BIM de l&rsquo;INSA: UE de Bio-informatique<\/span><\/li>\n<\/ul>\n<\/li>\n<li><span style=\"color: #000000;\">Membre \u00e9lu du Conseil de D\u00e9partement de Chimie-Biochimie<\/span><\/li>\n<\/ul>\n<p style=\"text-align: justify;\"><span style=\"color: #000000;\"><u><strong>Dominique LE GUELLEC (Pr., Section 65)<\/strong><\/u><\/span><\/p>\n<ul style=\"text-align: justify;\">\n<li><span style=\"color: #000000;\">Responsabilit\u00e9s d\u2019UE :<\/span>\n<ul>\n<li><span style=\"color: #000000;\">Licence de <span class=\"encadrer_titre\">Sciences de la vie et de la Terre<\/span>, parcours\u00a0<span class=\"encadrer_titre\">Sciences de la vie, de la Terre et de l&rsquo;univers<\/span> : L3 <em>Biologie Cellulaire et G\u00e9n\u00e9tique<br \/>\n<\/em><\/span><\/li>\n<li><span style=\"color: #000000;\">Master <span class=\"encadrer_titre\">Biologie mol\u00e9culaire et cellulaire<\/span>, parcours\u00a0<span class=\"encadrer_titre\">Bio-imagerie<\/span> : M2 <em>Microscopie \u00e9lectronique \u00e0 transmission et de surface<\/em><\/span><\/li>\n<li><span style=\"color: #000000;\">Master <span class=\"encadrer_titre\">Biologie mol\u00e9culaire et cellulaire<\/span>, parcours\u00a0<span class=\"encadrer_titre\">Biologie de la peau<\/span> : M2<em> Imagerie de la peau<\/em><\/span><\/li>\n<\/ul>\n<\/li>\n<li><span style=\"color: #000000;\">Responsable de l&rsquo;\u00e9quipe p\u00e9dagogique de biologie cellulaire<\/span><\/li>\n<li><span style=\"color: #000000;\">Membre \u00e9lu du Conseil de D\u00e9partement de Biologie<\/span><\/li>\n<li><span style=\"color: #000000;\">Pr\u00e9sident du Comit\u00e9 de direction du CT\u00b5<\/span><\/li>\n<\/ul>\n<p style=\"text-align: justify;\"><span style=\"color: #000000;\"><u><strong>Ulrich VALCOURT (Pr., Section 65)<\/strong><\/u><\/span><\/p>\n<ul style=\"text-align: justify;\">\n<li><span style=\"color: #000000;\">Co-responsabilit\u00e9 de parcours : Licence <span class=\"encadrer_titre\">Sciences de la Vie<\/span>, parcours G\u00e9n\u00e9tique et biologie cellulaire (L3)<\/span><\/li>\n<li><span style=\"color: #000000;\">Responsabilit\u00e9 d&rsquo;UE:<\/span>\n<ul>\n<li><span style=\"color: #000000;\">Licence <span class=\"encadrer_titre\">Sciences de la vie<\/span>, parcours G\u00e9n\u00e9tique et biologie cellulaire : L2 Introduction \u00e0 la biologie cellulaire et \u00e0 l&rsquo;immunologie<\/span><\/li>\n<\/ul>\n<\/li>\n<li><span style=\"color: #000000;\">Directeur et R\u00e9f\u00e9rent p\u00e9dagogique<\/span><\/li>\n<\/ul>\n<p style=\"text-align: justify;\"><span style=\"color: #000000;\"><u><strong>Elisabeth AUBERT-FOUCHER (MCF, Section 64)<\/strong><\/u><\/span><\/p>\n<ul style=\"text-align: justify;\">\n<li><span style=\"color: #000000;\">Participation aux enseignements\u00a0:<\/span>\n<ul>\n<li><span style=\"color: #000000;\">dans les UE de Licence de Biochimie (L1, L2 et L3)<\/span><\/li>\n<\/ul>\n<\/li>\n<\/ul>\n<p style=\"text-align: justify;\"><span style=\"color: #000000;\"><strong><u>Emmanuel BETTLER (MCF, Section 64)<\/u><\/strong><\/span><\/p>\n<ul style=\"text-align: justify;\">\n<li><span style=\"color: #000000;\">Responsabilit\u00e9s d\u2019UE :<\/span>\n<ul>\n<li><span style=\"color: #000000;\">Licence Sciences de la vie, parcours Biochimie : L3 <em>Repr\u00e9sentation 3D des macromol\u00e9cules<br \/>\n<\/em><\/span><\/li>\n<li><span style=\"color: #000000;\">Master Biochimie, Biologie mol\u00e9culaire parcours Biochimie structurale et fonctionnelle : M2<em> Conception mol\u00e9cules bioactives et drug design<\/em><\/span><\/li>\n<li><span style=\"color: #000000;\">Master Bio-informatique parcours Bio-informatique mol\u00e9culaire: M1<em> Bases pour la Bio-informatique mol\u00e9culaire (co-responsabilit\u00e9)<\/em><\/span><\/li>\n<li><span style=\"color: #000000;\">5\u00e8me ann\u00e9e BIM de l&rsquo;INSA: UE de prot\u00e9omique<\/span><\/li>\n<\/ul>\n<\/li>\n<li><span style=\"color: #000000;\">Participation aux enseignements dans des UEs de L1, L2, L3 M1 et M2 de Biochimie, M1 et M2 de Bio-informatique ainsi qu&rsquo;en 4\u00e8me ann\u00e9e BIM de l&rsquo;INSA<\/span><\/li>\n<li><span style=\"color: #000000;\">Membre \u00e9lu du conseil de la Facult\u00e9 des Sciences et Technologies<\/span><\/li>\n<li><span style=\"color: #000000;\">Responsable du groupe de travail \u00ab\u00a0Communication\u00a0\u00bb de la Facult\u00e9 des Sciences et Technologies<\/span><\/li>\n<\/ul>\n<p style=\"text-align: justify;\"><span style=\"color: #000000;\"><strong><u>Christelle BONOD-BIDAUD (MCF, Section 65)<\/u><\/strong><\/span><\/p>\n<ul style=\"text-align: justify;\">\n<li><span style=\"color: #000000;\">Responsabilit\u00e9 d&rsquo;UE:<\/span>\n<ul>\n<li><span style=\"color: #000000;\">Licence Sciences de la vie, parcours G\u00e9n\u00e9tique et Biologie Cellulaire : L3 Biologie cellulaire<\/span><\/li>\n<li><span style=\"color: #000000;\">Master Biologie mol\u00e9culaire et cellulaire parcours <span class=\"encadrer_titre\">G\u00e9n\u00e9tique de la cellule et pathologie : M1 <em>TP Technologies cellulaires &#8211; Dialogue cellules-matrice<\/em><\/span><\/span><\/li>\n<\/ul>\n<\/li>\n<\/ul>\n<p style=\"text-align: justify;\"><span style=\"color: #000000;\"><strong><u>Guila DAYAN (MCF, Section 64)<\/u><\/strong><\/span><\/p>\n<ul style=\"text-align: justify;\">\n<li><span style=\"color: #000000;\">Responsabilit\u00e9s d\u2019UE :<\/span>\n<ul>\n<li><span style=\"color: #000000;\">Master EDSE\u00a0: M1, <em>Maitrise et transmission des connaissances de biologie mol\u00e9culaire et cellulaire<\/em><\/span><\/li>\n<li><span style=\"color: #000000;\">Plan Licence\u00a0: Lyc\u00e9es, Journ\u00e9es SVT d\u2019accueil des lyc\u00e9ens\u00a0: <em>Exp\u00e9rimentation des travaux pratiques \u00e0 l\u2019Universit\u00e9<\/em><\/span><\/li>\n<\/ul>\n<\/li>\n<li><span style=\"color: #000000;\">Participation aux enseignements dans des UEs de L1, L2, L3 et M1 de Biochimie.<\/span><\/li>\n<\/ul>\n<p style=\"text-align: justify;\"><span style=\"color: #000000;\"><strong><u>Emilie DELAUNE (MCF, Section 65)<\/u><\/strong><\/span><\/p>\n<ul style=\"text-align: justify;\">\n<li><span style=\"color: #000000;\">Responsabilit\u00e9s d\u2019UE :<\/span>\n<ul>\n<li><span style=\"color: #000000;\">Licence <span class=\"encadrer_titre\">Sciences de la vie, de la Terre, parcours Sciences de la vie, de la Terre et de l&rsquo;univers : <\/span>L2 <em>Biochimie et Biologie Cellulaire<\/em><\/span><\/li>\n<li><span style=\"color: #000000;\">Master <span class=\"encadrer_titre\">Biologie mol\u00e9culaire et cellulaire parcours Bio-imagerie : M2 <em>Imagerie mol\u00e9culaire et cellulaire<\/em><\/span><\/span><\/li>\n<\/ul>\n<\/li>\n<li><span style=\"color: #000000;\">Participation aux enseignements\u00a0\u00a0:<\/span>\n<ul>\n<li><span style=\"color: #000000;\">dans les UE de <em>Biologie cellulaire<\/em>, L1, L2 et L3<\/span><\/li>\n<li><span style=\"color: #000000;\">Master 1 et 2\u00a0: Imagerie<\/span><\/li>\n<li><span style=\"color: #000000;\">Preparation \u00e0 l\u2019agr\u00e9gation ENS Lyon, <em>Biologie du d\u00e9veloppement<\/em><\/span><\/li>\n<\/ul>\n<\/li>\n<\/ul>\n<p style=\"text-align: justify;\"><span style=\"color: #000000;\"><u><strong>Caroline GRANGEASSE-CLUZEL (MCF, Section 65)<\/strong><\/u><\/span><\/p>\n<ul style=\"text-align: justify;\">\n<li><span style=\"color: #000000;\">Responsabilit\u00e9 de parcours\u00a0: Master <span class=\"encadrer_titre\">Biologie mol\u00e9culaire et cellulaire, parcours Bio-imagerie<\/span><\/span><\/li>\n<li><span style=\"color: #000000;\">Responsabilit\u00e9s d\u2019UE :<\/span>\n<ul>\n<li><span style=\"color: #000000;\">Licence Sciences de la vie, parcours G\u00e9n\u00e9tique et biologie cellulaire : L3\u00a0<em>Travaux pratiques de biologie cellulaire<\/em><\/span><\/li>\n<li><span style=\"color: #000000;\">Master de <span class=\"encadrer_titre\">Biologie mol\u00e9culaire et cellulaire<\/span> parcours Bio-imagerie : M2<em> Imagerie de fluorescence ; Traitement et analyse d\u2019images ; Projet tutor\u00e9 ; Stage pratique en Bio- imagerie<\/em><\/span><\/li>\n<\/ul>\n<\/li>\n<\/ul>\n<p style=\"text-align: justify;\"><span style=\"color: #000000;\"><u><strong>J\u00e9r\u00f4me LAFONT (MCF, Section 65)<\/strong><\/u><\/span><\/p>\n<ul style=\"text-align: justify;\">\n<li><span style=\"color: #000000;\">Participation aux enseignements\u00a0:<\/span>\n<ul>\n<li><span style=\"color: #000000;\">Licence Sciences de la vie : dans les UEs de <em>Biologie cellulaire<\/em> L1, L2 et L3<\/span><\/li>\n<\/ul>\n<\/li>\n<li><span style=\"color: #000000;\">R\u00e9f\u00e9rent p\u00e9dagogique : accueil et suivi p\u00e9dagogique des <em>primo-entrants<\/em>, commissions p\u00e9dagogiques d\u2019admission en Licence, inscriptions p\u00e9dagogiques des \u00e9tudiants, action de communication pour la promotion du d\u00e9partement de <em>Biologie<\/em> de l\u2019UCBL<\/span><\/li>\n<\/ul>\n<p style=\"text-align: justify;\"><span style=\"color: #000000;\"><u><strong>Elise Lambert (MCF, Section 65)<\/strong><\/u><\/span><\/p>\n<ul style=\"text-align: justify;\">\n<li><span style=\"color: #000000;\">Responsabilit\u00e9 d\u2019UE :<\/span>\n<ul>\n<li><span style=\"color: #000000;\">Licence Sciences de la vie, parcours G\u00e9n\u00e9tique et biologie cellulaire : L3\u00a0<em>Biologie cellulaire et pathologies<\/em><\/span><\/li>\n<\/ul>\n<\/li>\n<\/ul>\n<p style=\"text-align: justify;\"><span style=\"color: #000000;\"><u><strong>Fr\u00e9d\u00e9ric MALLEIN-GERIN (DR)<\/strong><\/u><\/span><\/p>\n<ul style=\"text-align: justify;\">\n<li><span style=\"color: #000000;\">Co-responsable de l\u2019<em>Unit\u00e9 Europ\u00e9enne Tissue Engineering<\/em> du <a href=\"http:\/\/biologie.ens-lyon.fr\/masterbiosciences\" target=\"_blank\" rel=\"noopener\">Master <em>Biosciences<\/em><\/a> (ENS Lyon &#8211; Universit\u00e9 Lyon-1)<\/span><\/li>\n<li><span style=\"color: #000000;\">Autres implications dans l\u2019enseignement\u00a0:<\/span>\n<ul>\n<li><span style=\"color: #000000;\">CM dans le cadre du DU de<em> Chirurgie Plastique de la Face<\/em>, Facult\u00e9 de M\u00e9decine de Lyon-Est (Universit\u00e9 de Lyon)<\/span><\/li>\n<li><span style=\"color: #000000;\">CM dans le cadre du Master 2 <em>Biologie Cellulaire, Physiologie, Pathologie<\/em> de l\u2019Universit\u00e9 Paris Diderot-Paris 7<\/span><\/li>\n<\/ul>\n<\/li>\n<\/ul>\n<p style=\"text-align: justify;\"><span style=\"color: #000000;\"><u><strong>Simon MEGY (MCF, Section 64)<\/strong><\/u><\/span><\/p>\n<ul>\n<li><span style=\"color: #000000;\">Participation aux enseignements \u00a0:<\/span>\n<ul>\n<li style=\"text-align: justify;\"><span style=\"color: #000000;\">dans les UE de L1, L2, L3 et M1 de Biochimie<\/span><\/li>\n<li style=\"text-align: justify;\"><span style=\"color: #000000;\">dans les UE de M2Pro Ing\u00e9nieurie Biochimique<\/span><\/li>\n<li style=\"text-align: justify;\"><span style=\"color: #000000;\">dans les UE de 5\u00e8me ann\u00e9e BIM de INSA<\/span><\/li>\n<li style=\"text-align: justify;\"><span style=\"color: #000000;\">dans les UE de 3\u00e8me ann\u00e9e de l\u2019ENS<\/span><\/li>\n<\/ul>\n<\/li>\n<\/ul>\n<\/div>\n","protected":false},"excerpt":{"rendered":"<p>Les membres de l\u2019unit\u00e9 sont fortement impliqu\u00e9s dans la formation \u00e0 l\u2019Universit\u00e9 Claude Bernard, dans la licence Science de la vie ainsi que les Master Biologie mol\u00e9culaire et cellulaire, Biochimie Biologie mol\u00e9culaire ou encore Bio-informatique. Gilbert DELEAGE (Pr., Section 64) Responsabilit\u00e9s d\u2019UE : Licence Sciences de la vie, parcours Biochimie : L2 Informatique graphique en<\/p>\n","protected":false},"author":1,"featured_media":0,"parent":1944,"menu_order":0,"comment_status":"closed","ping_status":"closed","template":"","meta":{"_acf_changed":false,"footnotes":""},"class_list":["post-2135","page","type-page","status-publish","hentry"],"acf":[],"_links":{"self":[{"href":"https:\/\/lbti.ibcp.fr\/index.php?rest_route=\/wp\/v2\/pages\/2135","targetHints":{"allow":["GET"]}}],"collection":[{"href":"https:\/\/lbti.ibcp.fr\/index.php?rest_route=\/wp\/v2\/pages"}],"about":[{"href":"https:\/\/lbti.ibcp.fr\/index.php?rest_route=\/wp\/v2\/types\/page"}],"author":[{"embeddable":true,"href":"https:\/\/lbti.ibcp.fr\/index.php?rest_route=\/wp\/v2\/users\/1"}],"replies":[{"embeddable":true,"href":"https:\/\/lbti.ibcp.fr\/index.php?rest_route=%2Fwp%2Fv2%2Fcomments&post=2135"}],"version-history":[{"count":4,"href":"https:\/\/lbti.ibcp.fr\/index.php?rest_route=\/wp\/v2\/pages\/2135\/revisions"}],"predecessor-version":[{"id":2635,"href":"https:\/\/lbti.ibcp.fr\/index.php?rest_route=\/wp\/v2\/pages\/2135\/revisions\/2635"}],"up":[{"embeddable":true,"href":"https:\/\/lbti.ibcp.fr\/index.php?rest_route=\/wp\/v2\/pages\/1944"}],"wp:attachment":[{"href":"https:\/\/lbti.ibcp.fr\/index.php?rest_route=%2Fwp%2Fv2%2Fmedia&parent=2135"}],"curies":[{"name":"wp","href":"https:\/\/api.w.org\/{rel}","templated":true}]}}