{"id":2123,"date":"2017-07-25T11:06:36","date_gmt":"2017-07-25T09:06:36","guid":{"rendered":"http:\/\/lbti.ibcp.fr\/?page_id=2123"},"modified":"2017-09-15T10:55:48","modified_gmt":"2017-09-15T08:55:48","slug":"cellulonet-2","status":"publish","type":"page","link":"https:\/\/lbti.ibcp.fr\/?page_id=2123","title":{"rendered":"CelluloNet"},"content":{"rendered":"<h2>UNDER CONSTRUCTION<\/h2>\n<p>&nbsp;<\/p>\n<p><span style=\"color: #000000;\"><strong>CelluloNet<\/strong> est un Centre de Ressources Biologiques (CRB) de lign\u00e9es cellulaires qui propose une sauvegarde et une mise \u00e0 disposition de lign\u00e9es cellulaires. La collection compte actuellement plus de 550 lign\u00e9es cellulaires, parfois uniques, constituant des mod\u00e8les et des outils d\u2019\u00e9tude pr\u00e9cieux que les chercheurs utilisent et valorisent.<\/span><\/p>\n<p><span style=\"color: #000000;\"><strong>CelluloNet<\/strong>\u00a0est membre de l\u2019Infrastructure Nationale<a href=\"http:\/\/www.biobanques.eu\/fr\/\" target=\"_blank\" rel=\"noopener noreferrer\"><strong> BIOBANQUES<\/strong><\/a>\u00a0 (Inserm US13) \u00a0et met en \u0153uvre une d\u00e9marche qualit\u00e9 bas\u00e9e sur la norme NFS96-900, sp\u00e9cifique des CRB.<\/span><\/p>\n<p><span style=\"color: #000000;\"><strong>CelluloNet<\/strong> dispense des prestations li\u00e9es aux lign\u00e9es cellulaires en collection ainsi que des formations.<\/span><\/p>\n<p><span style=\"color: #000000;\"><a href=\"http:\/\/www.sfr-biosciences.fr\/plateformes\/cellular-and-dna-technologies\/Cellulonet\">En savoir plus&#8230;<\/a><\/span><\/p>\n","protected":false},"excerpt":{"rendered":"<p>UNDER CONSTRUCTION &nbsp; CelluloNet est un Centre de Ressources Biologiques (CRB) de lign\u00e9es cellulaires qui propose une sauvegarde et une mise \u00e0 disposition de lign\u00e9es cellulaires. La collection compte actuellement plus de 550 lign\u00e9es cellulaires, parfois uniques, constituant des mod\u00e8les et des outils d\u2019\u00e9tude pr\u00e9cieux que les chercheurs utilisent et valorisent. CelluloNet\u00a0est membre de l\u2019Infrastructure<\/p>\n","protected":false},"author":1,"featured_media":0,"parent":0,"menu_order":0,"comment_status":"closed","ping_status":"closed","template":"","meta":{"_acf_changed":false,"footnotes":""},"class_list":["post-2123","page","type-page","status-publish","hentry"],"acf":[],"_links":{"self":[{"href":"https:\/\/lbti.ibcp.fr\/index.php?rest_route=\/wp\/v2\/pages\/2123","targetHints":{"allow":["GET"]}}],"collection":[{"href":"https:\/\/lbti.ibcp.fr\/index.php?rest_route=\/wp\/v2\/pages"}],"about":[{"href":"https:\/\/lbti.ibcp.fr\/index.php?rest_route=\/wp\/v2\/types\/page"}],"author":[{"embeddable":true,"href":"https:\/\/lbti.ibcp.fr\/index.php?rest_route=\/wp\/v2\/users\/1"}],"replies":[{"embeddable":true,"href":"https:\/\/lbti.ibcp.fr\/index.php?rest_route=%2Fwp%2Fv2%2Fcomments&post=2123"}],"version-history":[{"count":2,"href":"https:\/\/lbti.ibcp.fr\/index.php?rest_route=\/wp\/v2\/pages\/2123\/revisions"}],"predecessor-version":[{"id":2481,"href":"https:\/\/lbti.ibcp.fr\/index.php?rest_route=\/wp\/v2\/pages\/2123\/revisions\/2481"}],"wp:attachment":[{"href":"https:\/\/lbti.ibcp.fr\/index.php?rest_route=%2Fwp%2Fv2%2Fmedia&parent=2123"}],"curies":[{"name":"wp","href":"https:\/\/api.w.org\/{rel}","templated":true}]}}