{"id":1944,"date":"2017-07-21T14:47:46","date_gmt":"2017-07-21T12:47:46","guid":{"rendered":"http:\/\/lbti.ibcp.fr\/?page_id=1944"},"modified":"2017-07-25T15:08:06","modified_gmt":"2017-07-25T13:08:06","slug":"enseignement","status":"publish","type":"page","link":"https:\/\/lbti.ibcp.fr\/?page_id=1944","title":{"rendered":"Education"},"content":{"rendered":"<p><img fetchpriority=\"high\" decoding=\"async\" class=\" wp-image-1496 aligncenter\" src=\"http:\/\/lbti.ibcp.fr\/wp-content\/uploads\/2017\/02\/EnseignementInspirerdeCIRIppt2.jpg\" alt=\"\" width=\"760\" height=\"450\" \/><span style=\"color: #000000;\">Les membres de l\u2019unit\u00e9 sont fortement impliqu\u00e9s dans la formation \u00e0 l\u2019Universit\u00e9 Claude Bernard, dans les Licence STS Biologie et Biochimie ainsi que dans le Master G\u00e9n\u00e9tique et Biologie de la Cellule.<\/span><\/p>\n<p><span style=\"color: #000000;\"><u><strong>Dominique LE GUELLEC (Pr.)<\/strong><\/u><\/span><\/p>\n<ul>\n<li><span style=\"color: #000000;\">Responsabilit\u00e9 de parcours\u00a0: <a href=\"http:\/\/masterpro-imagerie.univ-lyon1.fr\/\" target=\"_blank\" rel=\"noopener noreferrer\"><em>M2Pro Imagerie des Microstructures<\/em><\/a><\/span><\/li>\n<li><span style=\"color: #000000;\">Responsabilit\u00e9s d\u2019UEs\u00a0:<\/span>\n<ul>\n<li><span style=\"color: #000000;\">Licence de Biologie\u00a0: L1 <em>Biologie G\u00e9n\u00e9rale<\/em> &#8211; L3 <em>Biologie Cellulaire et G\u00e9n\u00e9tique<\/em><\/span><\/li>\n<li><span style=\"color: #000000;\">Master Pro\u00a0: <em>Microscopie Electronique \u00e0 Transmissio<\/em>n<\/span><\/li>\n<\/ul>\n<\/li>\n<li><span style=\"color: #000000;\">Membre du groupe de <em>Travail Formation<\/em> du <em>D\u00e9partement de Biologie<\/em><\/span><\/li>\n<\/ul>\n<p><span style=\"color: #000000;\"><u><strong>Claire LETHIAS (Pr.)<\/strong><\/u><\/span><\/p>\n<ul>\n<li><span style=\"color: #000000;\">Responsabilit\u00e9 d\u2019UEs\u00a0:<\/span>\n<ul>\n<li><span style=\"color: #000000;\">Licence de Biologie\u00a0: L2 <em>Biochimie et Biologie Cellulaire<\/em><\/span><\/li>\n<li><span style=\"color: #000000;\">Master Recherche\u00a0: M1 <em>Technologie Cellulaire<\/em> &#8211; M2 <em>Bibliographie et R\u00e9daction Scientifique<\/em><\/span><\/li>\n<li><span style=\"color: #000000;\">Master Pro\u00a0: <em>Microscopie de Surface<\/em><\/span><\/li>\n<\/ul>\n<\/li>\n<li><span style=\"color: #000000;\">R\u00e9f\u00e9rent p\u00e9dagogique<\/span><\/li>\n<\/ul>\n<p><span style=\"color: #000000;\"><u><\/u><u><strong>Elisabeth Aubert-Foucher (MCF, section 64)<\/strong><\/u><\/span><\/p>\n<ul>\n<li><span style=\"color: #000000;\">Participation aux enseignements\u00a0:<\/span>\n<ul>\n<li><span style=\"color: #000000;\">dans les UEs de Licence de Biochimie (L1, L2 et L3)<\/span><\/li>\n<\/ul>\n<\/li>\n<\/ul>\n<p><span style=\"color: #000000;\"><u><strong>Loris G. Baggetto (DR)<\/strong><\/u><\/span><\/p>\n<ul>\n<li><span style=\"color: #000000;\">Co-responsable du DIU <em>Onco-ophtalmologie<\/em> Lyon 1<\/span><\/li>\n<li><span style=\"color: #000000;\">Responsabilit\u00e9 d\u2019UE\u00a0:<\/span>\n<ul>\n<li><span style=\"color: #000000;\">Master 2 Recherche <em>Biochimie Structurale et Fonctionnelle<\/em><\/span><\/li>\n<\/ul>\n<\/li>\n<\/ul>\n<p><span style=\"color: #000000;\"><strong><u>Guila DAYAN (MCF)<\/u><\/strong><\/span><\/p>\n<ul>\n<li><span style=\"color: #000000;\">Responsabilit\u00e9s d\u2019UEs\u00a0:<\/span>\n<ul>\n<li><span style=\"color: #000000;\">Master EDSE\u00a0: M1, <em>Maitrise et transmission des connaissances de biologie mol\u00e9culaire et cellulaire<\/em><\/span><\/li>\n<li><span style=\"color: #000000;\">Plan Licence\u00a0: Lyc\u00e9es, Journ\u00e9es SVT d\u2019accueil des lyc\u00e9ens\u00a0: <em>Exp\u00e9rimentation des travaux pratiques \u00e0 l\u2019Universit\u00e9<\/em><\/span><\/li>\n<\/ul>\n<\/li>\n<li><span style=\"color: #000000;\">Participation aux enseignements dans des UEs de L1, L2, L3 et M1 de Biochimie.<\/span><\/li>\n<li><span style=\"color: #000000;\">R\u00e9f\u00e9rent p\u00e9dagogique\u00a0: inscriptions p\u00e9dagogiques des \u00e9tudiants<\/span><\/li>\n<\/ul>\n<p><span style=\"color: #000000;\"><strong><u>Emilie DELAUNE (MCF)<\/u><\/strong><\/span><\/p>\n<ul>\n<li><span style=\"color: #000000;\">Participation aux enseignements\u00a0\u00a0:<\/span>\n<ul>\n<li><span style=\"color: #000000;\">dans les UEs de <em>Biologie cellulaire<\/em>, L1, L2 et L3<\/span><\/li>\n<li><span style=\"color: #000000;\">Master 1 et 2\u00a0: Imagerie<\/span><\/li>\n<li><span style=\"color: #000000;\">Preparation \u00e0 l\u2019agr\u00e9gation ENS Lyon, <em>Biologie du d\u00e9veloppement<\/em><\/span><\/li>\n<\/ul>\n<\/li>\n<\/ul>\n<p><span style=\"color: #000000;\"><u><strong>Caroline GRANGEASSE-CLUZEL (MCF)<\/strong><\/u><\/span><\/p>\n<ul>\n<li><span style=\"color: #000000;\">Co-responsable d\u2019UEs\u00a0:<\/span>\n<ul>\n<li><span style=\"color: #000000;\">Licence de Biologie\u00a0: L3 <em>Travaux pratiques de G\u00e9n\u00e9tique et Biologie Cellulaire<\/em><\/span><\/li>\n<\/ul>\n<\/li>\n<li><span style=\"color: #000000;\">Participation aux enseignements\u00a0:<\/span>\n<ul>\n<li><span style=\"color: #000000;\">Master 1\u00a0: <em>Imagerie fonctionnelle<\/em><\/span><\/li>\n<\/ul>\n<\/li>\n<\/ul>\n<p><span style=\"color: #000000;\"><u><strong>J\u00e9r\u00f4me LAFONT (MCF, section 65)<\/strong><\/u><\/span><\/p>\n<ul>\n<li><span style=\"color: #000000;\">Participation aux enseignements\u00a0:<\/span>\n<ul>\n<li><span style=\"color: #000000;\"><a href=\"http:\/\/fst-biologie.univ-lyon1.fr\/formatweb.html\" target=\"_blank\" rel=\"noopener noreferrer\">Licence STS<\/a>\u00a0: dans les UEs de <em>Biologie cellulaire<\/em>, L1, L2 et L3<\/span><\/li>\n<li><span style=\"color: #000000;\"><a href=\"http:\/\/biologie.ens-lyon.fr\/masterbiosciences\" target=\"_blank\" rel=\"noopener noreferrer\">Master Biosciences<\/a>\u00a0: (ENS-UCBL)\u00a0: dans l\u2019UE \u00ab\u00a0Europe\u00a0\u00bb <em>Tissue engineering<\/em><\/span><\/li>\n<\/ul>\n<\/li>\n<li><span style=\"color: #000000;\">R\u00e9f\u00e9rent p\u00e9dagogique\u00a0: accueil et suivi p\u00e9dagogique des <em>primo-entrants<\/em>, commissions p\u00e9dagogiques d\u2019admission en Licence, inscriptions p\u00e9dagogiques des \u00e9tudiants, action de communication pour la promotion du d\u00e9partement de <em>Biologie<\/em> de l\u2019UCBL<\/span><\/li>\n<\/ul>\n<p><span style=\"color: #000000;\"><u><strong>Fr\u00e9d\u00e9ric MALLEIN-GERIN (DR)<\/strong><\/u><\/span><\/p>\n<ul>\n<li><span style=\"color: #000000;\">Co-responsable de l\u2019<em>Unit\u00e9 Europ\u00e9enne Tissue Engineering<\/em> du <a href=\"http:\/\/biologie.ens-lyon.fr\/masterbiosciences\" target=\"_blank\" rel=\"noopener noreferrer\">Master <em>Biosciences<\/em><\/a> (ENS Lyon &#8211; Universit\u00e9 Lyon-1)<\/span><\/li>\n<li><span style=\"color: #000000;\">Autres implications dans l\u2019enseignement\u00a0:<\/span>\n<ul>\n<li><span style=\"color: #000000;\">CM dans le cadre du DU de<em> Chirurgie Plastique de la Face<\/em>, Facult\u00e9 de M\u00e9decine de Lyon-Est (Universit\u00e9 de Lyon)<\/span><\/li>\n<li><span style=\"color: #000000;\">CM dans le cadre du Master 2 <em>Biologie Cellulaire, Physiologie, Pathologie<\/em> de l\u2019Universit\u00e9 Paris Diderot-Paris 7<\/span><\/li>\n<\/ul>\n<\/li>\n<\/ul>\n<p><span style=\"color: #000000;\"><u><strong>Simon MEGY (MCF, section 64)<\/strong><\/u><\/span><\/p>\n<ul>\n<li><span style=\"color: #000000;\">Participation aux enseignements \u00a0:<\/span>\n<ul>\n<li><span style=\"color: #000000;\">dans les UEs de L1, L2, L3 et M1 de Biochimie<\/span><\/li>\n<li><span style=\"color: #000000;\">dans les UEs de M2Pro Ing\u00e9nieurie Biochimique<\/span><\/li>\n<li><span style=\"color: #000000;\">dans les UEs de 5\u00e8me ann\u00e9e BIM de INSA<\/span><\/li>\n<li><span style=\"color: #000000;\">dans les UEs de 3\u00e8me ann\u00e9e de l\u2019ENS<\/span><\/li>\n<\/ul>\n<\/li>\n<\/ul>\n","protected":false},"excerpt":{"rendered":"<p>Les membres de l\u2019unit\u00e9 sont fortement impliqu\u00e9s dans la formation \u00e0 l\u2019Universit\u00e9 Claude Bernard, dans les Licence STS Biologie et Biochimie ainsi que dans le Master G\u00e9n\u00e9tique et Biologie de la Cellule. Dominique LE GUELLEC (Pr.) Responsabilit\u00e9 de parcours\u00a0: M2Pro Imagerie des Microstructures Responsabilit\u00e9s d\u2019UEs\u00a0: Licence de Biologie\u00a0: L1 Biologie G\u00e9n\u00e9rale &#8211; L3 Biologie Cellulaire<\/p>\n","protected":false},"author":1,"featured_media":0,"parent":0,"menu_order":0,"comment_status":"closed","ping_status":"open","template":"","meta":{"_acf_changed":false,"footnotes":""},"class_list":["post-1944","page","type-page","status-publish","hentry"],"acf":[],"_links":{"self":[{"href":"https:\/\/lbti.ibcp.fr\/index.php?rest_route=\/wp\/v2\/pages\/1944","targetHints":{"allow":["GET"]}}],"collection":[{"href":"https:\/\/lbti.ibcp.fr\/index.php?rest_route=\/wp\/v2\/pages"}],"about":[{"href":"https:\/\/lbti.ibcp.fr\/index.php?rest_route=\/wp\/v2\/types\/page"}],"author":[{"embeddable":true,"href":"https:\/\/lbti.ibcp.fr\/index.php?rest_route=\/wp\/v2\/users\/1"}],"replies":[{"embeddable":true,"href":"https:\/\/lbti.ibcp.fr\/index.php?rest_route=%2Fwp%2Fv2%2Fcomments&post=1944"}],"version-history":[{"count":2,"href":"https:\/\/lbti.ibcp.fr\/index.php?rest_route=\/wp\/v2\/pages\/1944\/revisions"}],"predecessor-version":[{"id":2169,"href":"https:\/\/lbti.ibcp.fr\/index.php?rest_route=\/wp\/v2\/pages\/1944\/revisions\/2169"}],"wp:attachment":[{"href":"https:\/\/lbti.ibcp.fr\/index.php?rest_route=%2Fwp%2Fv2%2Fmedia&parent=1944"}],"curies":[{"name":"wp","href":"https:\/\/api.w.org\/{rel}","templated":true}]}}